{"id":797,"date":"2018-12-07T19:05:39","date_gmt":"2018-12-07T19:05:39","guid":{"rendered":"http:\/\/molduraflex.com.br\/loja\/?page_id=797"},"modified":"2023-12-11T18:51:22","modified_gmt":"2023-12-11T21:51:22","slug":"a-empresa","status":"publish","type":"page","link":"https:\/\/molduraflex.com.br\/loja\/a-empresa\/","title":{"rendered":"A Empresa"},"content":{"rendered":"<div class=\"wpb-content-wrapper\"><p>[vc_row][vc_column width=&#8221;1\/3&#8243;][vc_single_image image=&#8221;560&#8243; img_size=&#8221;500&#215;650&#8243;][\/vc_column][vc_column width=&#8221;2\/3&#8243;][vc_column_text woodmart_inline=&#8221;no&#8221; text_larger=&#8221;no&#8221;]<\/p>\n<div class=\"WordSection1\">\n<p>A <strong>Moldura Flex<\/strong>\u00a0est\u00e1 no mercado desde 2011.<\/p>\n<p>Somos especializados na fabrica\u00e7\u00e3o de rodap\u00e9s, roda tetos, roda meios e guarni\u00e7\u00f5es para portas e janelas.<\/p>\n<p>Nossos produtos s\u00e3o fabricados com borracha sint\u00e9tica, uma composi\u00e7\u00e3o de <strong>EVA<\/strong> (Etil Vinil Acetato) e <strong>PEBD<\/strong> (Polietileno de Baixa Densidade), at\u00f3xico e inodoro.<\/p>\n<p>Ecologicamente correto, totalmente recicl\u00e1vel.<\/p>\n<p>Todos os modelos s\u00e3o produzidos com fita autoadesiva de alta efici\u00eancia, permitindo ser instalado pelo pr\u00f3prio consumidor.<\/p>\n<p>Por n\u00e3o absorver umidade o produto pode ser lavado ou limpo com qualquer produto de limpeza, inclusive removedor.<\/p>\n<p>Os produtos da <strong>Moldura Flex<\/strong> s\u00e3o novidade no mercado, ecologicamente correto, recicl\u00e1veis e de \u00f3tima qualidade. Substituem com vantagem o gesso, isopor, pl\u00e1sticos r\u00edgidos e madeira, com aplica\u00e7\u00e3o simples e sem sujeira.<\/p>\n<p><strong>Moldura Flex<\/strong> proporciona um custo benef\u00edcio alt\u00edssimo, pois seus pre\u00e7os nem sem comparam com os convencionais.<\/p>\n<p>Aceita qualquer tipo de tinta, tanto a base de \u00e1gua como tamb\u00e9m sint\u00e9ticas.<\/p>\n<p>Nossos colaboradores s\u00e3o devidamente preparados e treinados para oferecer produtos de alta qualidade e atendimento ao consumidor.<\/p>\n<\/div>\n<p>[\/vc_column_text][\/vc_column][\/vc_row]<\/p>\n<\/div>","protected":false},"excerpt":{"rendered":"<p>[vc_row][vc_column width=&#8221;1\/3&#8243;][vc_single_image image=&#8221;560&#8243; img_size=&#8221;500&#215;650&#8243;][\/vc_column][vc_column width=&#8221;2\/3&#8243;][vc_column_text woodmart_inline=&#8221;no&#8221; text_larger=&#8221;no&#8221;] A Moldura Flex\u00a0est\u00e1 no mercado desde 2011. Somos especializados na fabrica\u00e7\u00e3o de rodap\u00e9s,<\/p>\n","protected":false},"author":1,"featured_media":0,"parent":0,"menu_order":0,"comment_status":"closed","ping_status":"closed","template":"","meta":{"footnotes":""},"_links":{"self":[{"href":"https:\/\/molduraflex.com.br\/loja\/wp-json\/wp\/v2\/pages\/797"}],"collection":[{"href":"https:\/\/molduraflex.com.br\/loja\/wp-json\/wp\/v2\/pages"}],"about":[{"href":"https:\/\/molduraflex.com.br\/loja\/wp-json\/wp\/v2\/types\/page"}],"author":[{"embeddable":true,"href":"https:\/\/molduraflex.com.br\/loja\/wp-json\/wp\/v2\/users\/1"}],"replies":[{"embeddable":true,"href":"https:\/\/molduraflex.com.br\/loja\/wp-json\/wp\/v2\/comments?post=797"}],"version-history":[{"count":4,"href":"https:\/\/molduraflex.com.br\/loja\/wp-json\/wp\/v2\/pages\/797\/revisions"}],"predecessor-version":[{"id":1875,"href":"https:\/\/molduraflex.com.br\/loja\/wp-json\/wp\/v2\/pages\/797\/revisions\/1875"}],"wp:attachment":[{"href":"https:\/\/molduraflex.com.br\/loja\/wp-json\/wp\/v2\/media?parent=797"}],"curies":[{"name":"wp","href":"https:\/\/api.w.org\/{rel}","templated":true}]}}